hat is the greatest common divisor of h and w?
8
Let c(q) = -q**3 + q**2 + q + 351. Let m be c(0). Let j = 2713 - 2674. What is the greatest common divisor of m and j?
39
Let w(q) = 5*q**3 - 2*q**2 + 4*q - 2. Let y be w(1). Suppose 5*r - 10 = y. Calculate the highest common divisor of 2 and r.
1
Let q = -460 - -667. Suppose 4*u = -4*f + 396, -3*f - 2*u + q + 86 = 0. What is the greatest common factor of f and 19?
19
Let g = -11 - -41. Let l = -63 + 118. Let o = -10 + l. What is the greatest common factor of o and g?
15
Suppose 5*j - 2*v - 13225 = 0, 5*j - 2*v = 2*v + 13225. Let g be (-2 + 0)/((-46)/j). What is the highest common factor of g and 23?
23
Let a = 721 - 577. What is the greatest common factor of a and 27?
9
Let m(q) = -6*q**3 - q**2 - 10*q - 10. Let u be m(-5). What is the greatest common divisor of u and 45?
45
Suppose -3 = 2*c - 21. Let g(u) = u**2 - u - 4. Let w be g(-15). Let a be 1 - (w/(-4) - 3). What is the highest common divisor of c and a?
9
Let m(l) = -2*l + 14. Let i be m(7). Suppose -2*n - 5 + 15 = i. Calculate the highest common divisor of n and 45.
5
Let k be (-14)/(-1) + (-28)/7. Let m(y) = 11*y**2 - 3*y + 2. Let h be m(2). What is the greatest common divisor of h and k?
10
Suppose -3*z = -5*m - 0*z - 139, 5*m - 2*z = -136. Let p be (-3)/6 - m/4. Calculate the highest common factor of p and 48.
6
Let n = 26 - 25. Let x be (-8)/(-1) - (-3 - n). Calculate the greatest common divisor of 3 and x.
3
Let g(o) = -o - 6*o - 50 + 43. Let b be g(-11). Let y(d) = d**3 - 9*d**2 - 8*d - 10. Let i be y(10). Calculate the greatest common factor of i and b.
10
Let q be 1354/30 - (-18)/(-135). Suppose 3*d - q = -0*d. What is the greatest common factor of 135 and d?
15
Suppose -1225 = -14*l - 35*l. What is the greatest common factor of 125 and l?
25
Let m be ((-4)/6)/((-4)/498). Let l = 163 - m. Let p(q) = q**3 + 8*q**2 + 5*q + 2. Let u be p(-7). What is the highest common factor of u and l?
16
Suppose 7946 - 1121 = 35*r. Calculate the highest common factor of r and 15.
15
Let y be -2 - (-2 - -1) - -31. Suppose 7*p + 1350 = 11*p + 11*p. Calculate the highest common divisor of p and y.
30
Let a = 8 - 5. Suppose 4*x - a*g = 237, -5*g + 125 = -0*x + 2*x. Let t(r) = -r**2 - 12*r + 4. Let h be t(-10). Calculate the greatest common factor of x and h.
12
Let a = 13 + -8. Suppose -p + 49 = 4*n, 0 = -4*n + a*n + 5*p - 17. Let s(x) = -6*x**3. Let z be s(-1). Calculate the greatest common factor of z and n.
6
Suppose -4*o = 4*r - 608, -o = 5*r - 0*o - 768. Suppose 0 = c + 3*y - 23, 9 = 4*c - 5*y - 32. What is the greatest common factor of c and r?
14
Let d = 7714 + -5218. What is the highest common factor of d and 78?
78
Suppose -2754 = -5*p - 13*p. What is the greatest common factor of p and 187?
17
Let x(m) = 92*m - 841. Let j be x(11). Calculate the highest common factor of 117 and j.
9
Suppose 78 = -2*h - 0*h. Let g = h + 66. Let o be (1 + (-1)/(-2))*4/2. What is the greatest common divisor of o and g?
3
Suppose 4*n + 0*n - 3*p - 9 = 0, -3 = -2*n + p. Suppose n = -0*j + 4*j - 28. Suppose 5*o - 129 - 46 = 0. What is the highest common factor of j and o?
7
Suppose 3*w = -4*j + 29, w - 2*w = 4*j - 15. Let v(o) = o**3 - 6*o**2 - 6*o - 1. Let a be v(w). What is the greatest common divisor of 6 and a?
6
Suppose -5*k - 2*y = -4, -4*k - k + 8 = 4*y. Suppose k = 5*z - 9*z + 8. Let h be 2/3 - (-16)/3. What is the greatest common factor of h and z?
2
Let l be 0/(-5 + 2) - -20. Suppose -5*c + l = g, 2*c - 5*g - 12 = -c. What is the greatest common factor of c and 4?
4
Suppose -3*q + 5*d = -281, 146 + 129 = 3*q + d. Calculate the greatest common factor of 2 and q.
2
Suppose x + 2*v - 70 = 0, -2*x - 2*v + 155 = -v. Let y = 63 - 53. What is the greatest common divisor of x and y?
10
Let n = 6 + 61. Let i = n + -35. What is the greatest common divisor of i and 8?
8
Suppose -4*f - 117 = 3*r - 6*r, -3*f + 166 = 5*r. Let v(x) = x + 16. Let y be v(-11). What is the highest common divisor of r and y?
5
Let z be 3/(0 - (14/(-12) + 1)). Let d = 109 - z. Calculate the greatest common factor of 7 and d.
7
Let q = -813 - -821. What is the highest common divisor of q and 226?
2
Let a(g) = -g**3 - g**2 + 2. Let l be a(0). Let p(s) = 20*s - 206. Let v be p(11). Calculate the highest common factor of l and v.
2
Let s = 401 + -236. Calculate the highest common factor of s and 110.
55
Let d = -229 - -309. What is the highest common divisor of 5 and d?
5
Let p = -16 - -23. Let h = 4589 + -4582. What is the highest common factor of h and p?
7
Let x = -1496 - -1506. Suppose 0 = -2*j - j + 60. What is the highest common divisor of j and x?
10
Let o = -89 + 111. Calculate the greatest common factor of o and 66.
22
Let s be (2 - 1)*-3 + 23. Suppose 5*i + 5 = s. Let p(o) = 5*o**2 - 3*o - 4. Let v be p(i). What is the highest common factor of v and 4?
4
Let z = -134 - -158. Calculate the highest common factor of 18 and z.
6
Let d be (9/(-6))/(15/(-80)). Let t = -14 - -34. What is the greatest common factor of t and d?
4
Let q = -11 + 15. Let s = 8 - q. Suppose -5*a + s*r = -66, a + 3*a - 59 = -3*r. What is the highest common factor of a and 98?
14
Let v = 432 - 146. Calculate the greatest common divisor of 44 and v.
22
Suppose -8*q + 386 = -142. Calculate the highest common divisor of 231 and q.
33
Suppose -f = 3*f + 4*q - 172, 0 = -5*f - 3*q + 225. Suppose -49*t + f*t + 3 = 0. Calculate the greatest common factor of 27 and t.
3
Suppose 3*y - 4*u - 109 = 0, 4*u - 106 = 3*y - 5*y. What is the highest common divisor of y and 817?
43
Suppose 13 = 2*q + 3*d, 0 = 2*q - 6*q - d + 21. Suppose q*a = -2*r + 56, -12 = -6*a + 3*a. Calculate the highest common divisor of 126 and r.
18
Suppose 0 = -2*s + 14*s - 3408. Calculate the highest common factor of s and 213.
71
Let z = -903 - -985. What is the greatest common factor of z and 574?
82
Suppose -4*c + 3*d = 8*d, d = -c + 1. Calculate the greatest common factor of c and 135.
5
Let j be (4/8)/(4/144). Let u(g) = g**2 - 3*g - 4. Let q be u(-5). Let n be -5*2*q/(-5). What is the highest common divisor of j and n?
18
Let z(u) = -20*u + 1. Let v be z(-4). Suppose 5*q + 0 - 5 = 0. Let w be 3/4*12/q. Calculate the highest common factor of v and w.
9
Let h = 16 + -36. Let i = -14 - h. What is the highest common divisor of 6 and i?
6
Let d(a) = -a + 5. Let k be d(-10). Let r be 1 - 0 - (-3 - 26). Suppose 3*n - r = -2*n. What is the highest common factor of k and n?
3
Let n = 22 + 10. Let u be -35*(n/20)/(-2). Calculate the greatest common divisor of u and 70.
14
Let f = 1 - 1. Let l be (-6)/21 + 22734/42. Suppose f = -5*x + l + 494. Calculate the greatest common factor of x and 23.
23
Suppose -2*k - 5*j = -j - 32, k + j - 18 = 0. Let h = 96 - 29. Suppose h + 53 = 4*p. Calculate the greatest common divisor of p and k.
10
Let j be 4/(-1) + 100/(-5). Let x = -22 - j. Let z be (40/4)/(2/x). Calculate the greatest common divisor of 25 and z.
5
Let u be (3780/49 - 5) + (-1)/7. Calculate the greatest common factor of 56 and u.
8
Suppose -7*y + 175 + 161 = 0. Let x = -43 + 115. Calculate the greatest common factor of y and x.
24
Let x = -201 - -203. Calculate the greatest common factor of x and 74.
2
Let h be 1*-1 + (7 - 6). Suppose -k + 4 = -h*d + d, -2 = 2*k. Suppose 4*n - 67 = -d*t, 11 = 2*t + 4*n - 11. What is the highest common factor of 5 and t?
5
Suppose -271*o + 19804 - 8739 + 10615 = 0. Let m(n) = -n**3 + 4*n**2 + 6*n. Let w be m(5). What is the highest common factor of w and o?
5
Let m = 11 + 516. Calculate the highest common divisor of 34 and m.
17
Suppose 4*o - 489 = 615. Let u be o/10 - -2*(-1)/(-5). Calculate the highest common factor of 126 and u.
14
Let f = -242 + 258. Calculate the greatest common factor of f and 22.
2
Let f(s) be the first derivative of s**3/3 - 4*s**2 - 20*s - 13. Let t be f(14). What is the highest common factor of 8 and t?
8
Let c(t) = 50*t - 161. Let z be c(25). Calculate the highest common factor of z and 121.
121
Let i be (-5)/(-2)*(-1 - -9). Let u be ((-42)/(-63))/(2/300). Calculate the greatest common divisor of u and i.
20
Let w = -31 - -42. Let p(a) = 45*a**2 - 1. Let l be p(-1). What is the highest common divisor of l and w?
11
Suppose 5*u + 3 = 3*x + 2, -4*u = -4*x - 4. Let n be 0 - (-10)/(u - -4). What is